{"id":29,"date":"2024-11-04T04:30:26","date_gmt":"2024-11-04T04:30:26","guid":{"rendered":"https:\/\/gaviaspreview.com\/wp\/homirx\/?page_id=29"},"modified":"2025-03-04T00:10:25","modified_gmt":"2025-03-03T23:10:25","slug":"nosotros","status":"publish","type":"page","link":"https:\/\/hogaresisn.com\/paseo-palma-real\/nosotros\/","title":{"rendered":"Nosotros"},"content":{"rendered":"\t\t<div data-elementor-type=\"wp-page\" data-elementor-id=\"29\" class=\"elementor elementor-29\">\n\t\t\t\t<div class=\"elementor-element elementor-element-27b6231 e-con-full e-flex e-con e-parent\" data-id=\"27b6231\" data-element_type=\"container\" data-settings=\"{&quot;background_background&quot;:&quot;classic&quot;}\">\n\t\t<div class=\"elementor-element elementor-element-31d7643 e-con-full e-flex e-con e-child\" data-id=\"31d7643\" data-element_type=\"container\">\n\t\t\t\t<div class=\"elementor-element elementor-element-65075b9 over-hidden elementor-invisible elementor-widget elementor-widget-gva_post_breadcrumb\" data-id=\"65075b9\" data-element_type=\"widget\" data-settings=\"{&quot;_animation&quot;:&quot;fadeIn&quot;}\" data-widget_type=\"gva_post_breadcrumb.default\">\n\t\t\t\t<div class=\"elementor-widget-container\">\n\t\t\t\t\t<div class=\"gva-element-gva_post_breadcrumb gva-element\">   \r\n<div class=\"post-breadcrumb\">\r\n   <div class=\"custom-breadcrumb \" >\r\n               <div class=\"breadcrumb-overlay\" style=\"\"><\/div>\r\n            <div class=\"breadcrumb-main\">\r\n        <div class=\"container\">\r\n          <div class=\"breadcrumb-container-inner\">\r\n            <h2 class=\"heading-title\">Nosotros<\/h2><ol class=\"breadcrumb\"><li><a href=\"https:\/\/hogaresisn.com\/paseo-palma-real\">Paseo Palma Real<\/a> <\/li> <li class=\"active\">P\u00e1gina<\/li><\/ol>          <\/div>  \r\n        <\/div>   \r\n      <\/div>  \r\n   <\/div>\r\n<\/div>      \r\n\r\n<\/div>\t\t\t\t<\/div>\n\t\t\t\t<\/div>\n\t\t\t\t<\/div>\n\t\t\t\t<\/div>\n\t\t<div class=\"elementor-element elementor-element-13be3e0 e-flex e-con-boxed e-con e-parent\" data-id=\"13be3e0\" data-element_type=\"container\" data-settings=\"{&quot;background_background&quot;:&quot;classic&quot;}\">\n\t\t\t\t\t<div class=\"e-con-inner\">\n\t\t<div class=\"elementor-element elementor-element-505b865 e-con-full e-flex e-con e-child\" data-id=\"505b865\" data-element_type=\"container\">\n\t\t\t\t<div class=\"elementor-element elementor-element-19bf04b elementor-widget elementor-widget-gva-heading-block\" data-id=\"19bf04b\" data-element_type=\"widget\" data-widget_type=\"gva-heading-block.default\">\n\t\t\t\t<div class=\"elementor-widget-container\">\n\t\t\t\t\t<div class=\"gva-element-gva-heading-block gva-element\">\r\n   <div class=\"align-left style-1 widget gsc-heading box-align-left auto-responsive\">\r\n      \r\n      <div class=\"content-inner\">\r\n                  \r\n         <div class=\"sub-title\"><span class=\"tagline\">Legado<\/span><\/div>  \r\n         \r\n                     <h2 class=\"title\">\r\n               <span>Nuestro legado en Hogares ISN\n<\/span>\r\n            <\/h2>\r\n                  \r\n         \r\n               <\/div>\r\n\r\n   <\/div>\r\n\r\n<\/div>\t\t\t\t<\/div>\n\t\t\t\t<\/div>\n\t\t\t\t<\/div>\n\t\t<div class=\"elementor-element elementor-element-7a7f886 e-con-full e-flex e-con e-child\" data-id=\"7a7f886\" data-element_type=\"container\">\n\t\t\t\t<div class=\"elementor-element elementor-element-628a340 elementor-widget elementor-widget-gva-counter\" data-id=\"628a340\" data-element_type=\"widget\" data-widget_type=\"gva-counter.default\">\n\t\t\t\t<div class=\"elementor-widget-container\">\n\t\t\t\t\t<div class=\"gva-element-gva-counter gva-element\">\r\n   \r\n   \r\n         <div class=\"milestone-three__single\">\r\n         <div class=\"milestone-three__wrap\">\r\n                        <div class=\"milestone-three__number\">\r\n               <span class=\"symbol before\">+<\/span><span class=\"milestone-number\">13<\/span><span class=\"symbol after\">K<\/span>            <\/div>\r\n            <div class=\"milestone-three__title\">Hogares entregados<\/div>                     <\/div>   \r\n         \r\n      <\/div> \r\n   <\/div>\t\t\t\t<\/div>\n\t\t\t\t<\/div>\n\t\t\t\t<div class=\"elementor-element elementor-element-08fb102 elementor-view-default elementor-widget elementor-widget-icon\" data-id=\"08fb102\" data-element_type=\"widget\" data-widget_type=\"icon.default\">\n\t\t\t\t<div class=\"elementor-widget-container\">\n\t\t\t\t\t\t\t<div class=\"elementor-icon-wrapper\">\n\t\t\t<div class=\"elementor-icon\">\n\t\t\t<i aria-hidden=\"true\" class=\"fas fa-square\"><\/i>\t\t\t<\/div>\n\t\t<\/div>\n\t\t\t\t\t\t<\/div>\n\t\t\t\t<\/div>\n\t\t\t\t<div class=\"elementor-element elementor-element-67a55c1 elementor-widget elementor-widget-gva-counter\" data-id=\"67a55c1\" data-element_type=\"widget\" data-widget_type=\"gva-counter.default\">\n\t\t\t\t<div class=\"elementor-widget-container\">\n\t\t\t\t\t<div class=\"gva-element-gva-counter gva-element\">\r\n   \r\n   \r\n         <div class=\"milestone-three__single\">\r\n         <div class=\"milestone-three__wrap\">\r\n                        <div class=\"milestone-three__number\">\r\n               <span class=\"symbol before\">+<\/span><span class=\"milestone-number\">26<\/span>            <\/div>\r\n            <div class=\"milestone-three__title\">A\u00f1os de experiencia<\/div>                     <\/div>   \r\n         \r\n      <\/div> \r\n   <\/div>\t\t\t\t<\/div>\n\t\t\t\t<\/div>\n\t\t\t\t<div class=\"elementor-element elementor-element-56541e7 elementor-view-default elementor-widget elementor-widget-icon\" data-id=\"56541e7\" data-element_type=\"widget\" data-widget_type=\"icon.default\">\n\t\t\t\t<div class=\"elementor-widget-container\">\n\t\t\t\t\t\t\t<div class=\"elementor-icon-wrapper\">\n\t\t\t<div class=\"elementor-icon\">\n\t\t\t<i aria-hidden=\"true\" class=\"fas fa-square\"><\/i>\t\t\t<\/div>\n\t\t<\/div>\n\t\t\t\t\t\t<\/div>\n\t\t\t\t<\/div>\n\t\t\t\t<div class=\"elementor-element elementor-element-7a61109 elementor-widget elementor-widget-gva-counter\" data-id=\"7a61109\" data-element_type=\"widget\" data-widget_type=\"gva-counter.default\">\n\t\t\t\t<div class=\"elementor-widget-container\">\n\t\t\t\t\t<div class=\"gva-element-gva-counter gva-element\">\r\n   \r\n   \r\n         <div class=\"milestone-three__single\">\r\n         <div class=\"milestone-three__wrap\">\r\n                        <div class=\"milestone-three__number\">\r\n               <span class=\"symbol before\">+<\/span><span class=\"milestone-number\">36<\/span>            <\/div>\r\n            <div class=\"milestone-three__title\">Proyectos exit\u00f3sos<\/div>                     <\/div>   \r\n         \r\n      <\/div> \r\n   <\/div>\t\t\t\t<\/div>\n\t\t\t\t<\/div>\n\t\t\t\t<\/div>\n\t\t<div class=\"elementor-element elementor-element-87b2ed5 e-con-full e-flex e-con e-child\" data-id=\"87b2ed5\" data-element_type=\"container\">\n\t\t<div class=\"elementor-element elementor-element-7e2fe30 e-con-full e-flex e-con e-child\" data-id=\"7e2fe30\" data-element_type=\"container\" data-settings=\"{&quot;background_background&quot;:&quot;classic&quot;}\">\n\t\t\t\t<div class=\"elementor-element elementor-element-6d58fb2 elementor-widget elementor-widget-gva-video-box\" data-id=\"6d58fb2\" data-element_type=\"widget\" data-widget_type=\"gva-video-box.default\">\n\t\t\t\t<div class=\"elementor-widget-container\">\n\t\t\t\t\t<div class=\"gva-element-gva-video-box gva-element\">\r\n   \r\n      \r\n         <div class=\"video-three__single\">\r\n         <div class=\"video-three__inner\">\r\n               \r\n            <div class=\"video-three__content\">\r\n               <div class=\"video-three__action\">\r\n                  <a href=\"https:\/\/www.youtube.com\/embed\/vl7HeIm--tM?rel=0&amp;autoplay=1&amp;loop=1&amp;playlist=vl7HeIm--tM&amp;controls=0\" class=\"popup-video\" rel=\"nofollow\"><i class=\"fa fa-play\"><\/i><\/a>  \r\n               <\/div>   \r\n            <\/div>    \r\n         <\/div>\r\n      <\/div> \r\n        \r\n<\/div>\t\t\t\t<\/div>\n\t\t\t\t<\/div>\n\t\t\t\t<\/div>\n\t\t\t\t<\/div>\n\t\t\t\t\t<\/div>\n\t\t\t\t<\/div>\n\t\t<div class=\"elementor-element elementor-element-d3987d5 e-flex e-con-boxed e-con e-parent\" data-id=\"d3987d5\" data-element_type=\"container\" data-settings=\"{&quot;background_background&quot;:&quot;classic&quot;}\">\n\t\t\t\t\t<div class=\"e-con-inner\">\n\t\t<div class=\"elementor-element elementor-element-6df2d41 e-con-full e-flex e-con e-child\" data-id=\"6df2d41\" data-element_type=\"container\">\n\t\t\t\t<div class=\"elementor-element elementor-element-1cb0a54 elementor-widget elementor-widget-gva-brand\" data-id=\"1cb0a54\" data-element_type=\"widget\" data-widget_type=\"gva-brand.default\">\n\t\t\t\t<div class=\"elementor-widget-container\">\n\t\t\t\t\t<div class=\"gva-element-gva-brand gva-element\">\r\n<div class=\"gva-brand-carousel style-1 \">\r\n   <div class=\"swiper-content-inner\">\r\n      <div class=\"init-carousel-swiper swiper\" data-carousel=\"{&quot;items&quot;:5,&quot;items_lg&quot;:5,&quot;items_md&quot;:4,&quot;items_sm&quot;:3,&quot;items_xs&quot;:2,&quot;items_xx&quot;:2,&quot;effect&quot;:&quot;slide&quot;,&quot;space_between&quot;:50,&quot;loop&quot;:1,&quot;speed&quot;:600,&quot;autoplay&quot;:1,&quot;autoplay_delay&quot;:4500,&quot;autoplay_hover&quot;:1,&quot;navigation&quot;:1,&quot;pagination&quot;:0,&quot;dynamic_bullets&quot;:0,&quot;pagination_type&quot;:&quot;bullets&quot;}\">\r\n         <div class=\"swiper-wrapper\">\r\n            \r\n            <div class=\"swiper-slide item brand-item\"><div class=\"brand-item-content\"><div class=\"brand-item-image\"><img decoding=\"async\" src=\"https:\/\/hogaresisn.com\/paseo-palma-real\/wp-content\/uploads\/2025\/02\/cascadas-de-san-isidro.svg\" alt=\"\" class=\"brand-img\"\/><\/div><\/div><\/div><div class=\"swiper-slide item brand-item\"><div class=\"brand-item-content\"><div class=\"brand-item-image\"><img decoding=\"async\" src=\"https:\/\/hogaresisn.com\/paseo-palma-real\/wp-content\/uploads\/2025\/02\/paseo-del-valle-san-miguel.svg\" alt=\"\" class=\"brand-img\"\/><\/div><\/div><\/div><div class=\"swiper-slide item brand-item\"><div class=\"brand-item-content\"><div class=\"brand-item-image\"><img decoding=\"async\" src=\"https:\/\/hogaresisn.com\/paseo-palma-real\/wp-content\/uploads\/2025\/02\/fuentes-del-valle-norte-vi.svg\" alt=\"\" class=\"brand-img\"\/><\/div><\/div><\/div><div class=\"swiper-slide item brand-item\"><div class=\"brand-item-content\"><div class=\"brand-item-image\"><img decoding=\"async\" src=\"https:\/\/hogaresisn.com\/paseo-palma-real\/wp-content\/uploads\/2025\/02\/paseo-del-encinal.svg\" alt=\"\" class=\"brand-img\"\/><\/div><\/div><\/div><div class=\"swiper-slide item brand-item\"><div class=\"brand-item-content\"><div class=\"brand-item-image\"><img decoding=\"async\" src=\"https:\/\/hogaresisn.com\/paseo-palma-real\/wp-content\/uploads\/2025\/02\/fuentes-del-valle-oriente-1.svg\" alt=\"\" class=\"brand-img\"\/><\/div><\/div><\/div>\r\n         <\/div>\r\n      <\/div>   \r\n   <\/div>\r\n   <div class=\"swiper-pagination\"><\/div>   <div class=\"swiper-nav-next\"><\/div><div class=\"swiper-nav-prev\"><\/div><\/div>\r\n<\/div>\t\t\t\t<\/div>\n\t\t\t\t<\/div>\n\t\t\t\t<\/div>\n\t\t\t\t\t<\/div>\n\t\t\t\t<\/div>\n\t\t\t\t<\/div>\n\t\t","protected":false},"excerpt":{"rendered":"<p>Nosotros Home P\u00e1gina Legado Nuestro legado en Hogares ISN +13K Hogares entregados +26 A\u00f1os de experiencia +36 Proyectos exit\u00f3sos<\/p>\n","protected":false},"author":1,"featured_media":0,"parent":0,"menu_order":0,"comment_status":"closed","ping_status":"closed","template":"","meta":{"_acf_changed":false,"footnotes":""},"class_list":["post-29","page","type-page","status-publish","hentry"],"acf":[],"yoast_head":"<!-- This site is optimized with the Yoast SEO Premium plugin v25.2 (Yoast SEO v25.3) - https:\/\/yoast.com\/wordpress\/plugins\/seo\/ -->\n<title>Nosotros - Paseo Palma Real<\/title>\n<meta name=\"robots\" content=\"index, follow, max-snippet:-1, max-image-preview:large, max-video-preview:-1\" \/>\n<link rel=\"canonical\" href=\"https:\/\/hogaresisn.xoratom.com\/paseo-palma-real\/nosotros\/\" \/>\n<meta property=\"og:locale\" content=\"es_ES\" \/>\n<meta property=\"og:type\" content=\"article\" \/>\n<meta property=\"og:title\" content=\"Nosotros\" \/>\n<meta property=\"og:description\" content=\"Nosotros Home P\u00e1gina Legado Nuestro legado en Hogares ISN +13K Hogares entregados +26 A\u00f1os de experiencia +36 Proyectos exit\u00f3sos\" \/>\n<meta property=\"og:url\" content=\"https:\/\/hogaresisn.xoratom.com\/paseo-palma-real\/nosotros\/\" \/>\n<meta property=\"og:site_name\" content=\"Paseo Palma Real\" \/>\n<meta property=\"article:modified_time\" content=\"2025-03-03T23:10:25+00:00\" \/>\n<meta property=\"og:image\" content=\"https:\/\/hogaresisn.xoratom.com\/paseo-palma-real\/wp-content\/uploads\/sites\/7\/2025\/02\/cascadas-de-san-isidro.svg\" \/>\n<meta name=\"twitter:card\" content=\"summary_large_image\" \/>\n<script type=\"application\/ld+json\" class=\"yoast-schema-graph\">{\"@context\":\"https:\/\/schema.org\",\"@graph\":[{\"@type\":\"WebPage\",\"@id\":\"https:\/\/hogaresisn.xoratom.com\/paseo-palma-real\/nosotros\/\",\"url\":\"https:\/\/hogaresisn.xoratom.com\/paseo-palma-real\/nosotros\/\",\"name\":\"Nosotros - Paseo Palma Real\",\"isPartOf\":{\"@id\":\"https:\/\/hogaresisn.xoratom.com\/paseo-palma-real\/#website\"},\"primaryImageOfPage\":{\"@id\":\"https:\/\/hogaresisn.xoratom.com\/paseo-palma-real\/nosotros\/#primaryimage\"},\"image\":{\"@id\":\"https:\/\/hogaresisn.xoratom.com\/paseo-palma-real\/nosotros\/#primaryimage\"},\"thumbnailUrl\":\"https:\/\/hogaresisn.com\/paseo-palma-real\/wp-content\/uploads\/sites\/7\/2025\/02\/cascadas-de-san-isidro.svg\",\"datePublished\":\"2024-11-04T04:30:26+00:00\",\"dateModified\":\"2025-03-03T23:10:25+00:00\",\"breadcrumb\":{\"@id\":\"https:\/\/hogaresisn.xoratom.com\/paseo-palma-real\/nosotros\/#breadcrumb\"},\"inLanguage\":\"es\",\"potentialAction\":[{\"@type\":\"ReadAction\",\"target\":[\"https:\/\/hogaresisn.xoratom.com\/paseo-palma-real\/nosotros\/\"]}]},{\"@type\":\"ImageObject\",\"inLanguage\":\"es\",\"@id\":\"https:\/\/hogaresisn.xoratom.com\/paseo-palma-real\/nosotros\/#primaryimage\",\"url\":\"https:\/\/hogaresisn.com\/paseo-palma-real\/wp-content\/uploads\/sites\/7\/2025\/02\/cascadas-de-san-isidro.svg\",\"contentUrl\":\"https:\/\/hogaresisn.com\/paseo-palma-real\/wp-content\/uploads\/sites\/7\/2025\/02\/cascadas-de-san-isidro.svg\",\"width\":375,\"height\":103},{\"@type\":\"BreadcrumbList\",\"@id\":\"https:\/\/hogaresisn.xoratom.com\/paseo-palma-real\/nosotros\/#breadcrumb\",\"itemListElement\":[{\"@type\":\"ListItem\",\"position\":1,\"name\":\"Home\",\"item\":\"https:\/\/hogaresisn.com\/paseo-palma-real\/\"},{\"@type\":\"ListItem\",\"position\":2,\"name\":\"Nosotros\"}]},{\"@type\":\"WebSite\",\"@id\":\"https:\/\/hogaresisn.xoratom.com\/paseo-palma-real\/#website\",\"url\":\"https:\/\/hogaresisn.xoratom.com\/paseo-palma-real\/\",\"name\":\"Paseo Palma Real\",\"description\":\"\",\"potentialAction\":[{\"@type\":\"SearchAction\",\"target\":{\"@type\":\"EntryPoint\",\"urlTemplate\":\"https:\/\/hogaresisn.xoratom.com\/paseo-palma-real\/?s={search_term_string}\"},\"query-input\":{\"@type\":\"PropertyValueSpecification\",\"valueRequired\":true,\"valueName\":\"search_term_string\"}}],\"inLanguage\":\"es\"}]}<\/script>\n<!-- \/ Yoast SEO Premium plugin. -->","yoast_head_json":{"title":"Nosotros - Paseo Palma Real","robots":{"index":"index","follow":"follow","max-snippet":"max-snippet:-1","max-image-preview":"max-image-preview:large","max-video-preview":"max-video-preview:-1"},"canonical":"https:\/\/hogaresisn.xoratom.com\/paseo-palma-real\/nosotros\/","og_locale":"es_ES","og_type":"article","og_title":"Nosotros","og_description":"Nosotros Home P\u00e1gina Legado Nuestro legado en Hogares ISN +13K Hogares entregados +26 A\u00f1os de experiencia +36 Proyectos exit\u00f3sos","og_url":"https:\/\/hogaresisn.xoratom.com\/paseo-palma-real\/nosotros\/","og_site_name":"Paseo Palma Real","article_modified_time":"2025-03-03T23:10:25+00:00","og_image":[{"url":"https:\/\/hogaresisn.xoratom.com\/paseo-palma-real\/wp-content\/uploads\/sites\/7\/2025\/02\/cascadas-de-san-isidro.svg","type":"","width":"","height":""}],"twitter_card":"summary_large_image","schema":{"@context":"https:\/\/schema.org","@graph":[{"@type":"WebPage","@id":"https:\/\/hogaresisn.xoratom.com\/paseo-palma-real\/nosotros\/","url":"https:\/\/hogaresisn.xoratom.com\/paseo-palma-real\/nosotros\/","name":"Nosotros - Paseo Palma Real","isPartOf":{"@id":"https:\/\/hogaresisn.xoratom.com\/paseo-palma-real\/#website"},"primaryImageOfPage":{"@id":"https:\/\/hogaresisn.xoratom.com\/paseo-palma-real\/nosotros\/#primaryimage"},"image":{"@id":"https:\/\/hogaresisn.xoratom.com\/paseo-palma-real\/nosotros\/#primaryimage"},"thumbnailUrl":"https:\/\/hogaresisn.com\/paseo-palma-real\/wp-content\/uploads\/sites\/7\/2025\/02\/cascadas-de-san-isidro.svg","datePublished":"2024-11-04T04:30:26+00:00","dateModified":"2025-03-03T23:10:25+00:00","breadcrumb":{"@id":"https:\/\/hogaresisn.xoratom.com\/paseo-palma-real\/nosotros\/#breadcrumb"},"inLanguage":"es","potentialAction":[{"@type":"ReadAction","target":["https:\/\/hogaresisn.xoratom.com\/paseo-palma-real\/nosotros\/"]}]},{"@type":"ImageObject","inLanguage":"es","@id":"https:\/\/hogaresisn.xoratom.com\/paseo-palma-real\/nosotros\/#primaryimage","url":"https:\/\/hogaresisn.com\/paseo-palma-real\/wp-content\/uploads\/sites\/7\/2025\/02\/cascadas-de-san-isidro.svg","contentUrl":"https:\/\/hogaresisn.com\/paseo-palma-real\/wp-content\/uploads\/sites\/7\/2025\/02\/cascadas-de-san-isidro.svg","width":375,"height":103},{"@type":"BreadcrumbList","@id":"https:\/\/hogaresisn.xoratom.com\/paseo-palma-real\/nosotros\/#breadcrumb","itemListElement":[{"@type":"ListItem","position":1,"name":"Home","item":"https:\/\/hogaresisn.com\/paseo-palma-real\/"},{"@type":"ListItem","position":2,"name":"Nosotros"}]},{"@type":"WebSite","@id":"https:\/\/hogaresisn.xoratom.com\/paseo-palma-real\/#website","url":"https:\/\/hogaresisn.xoratom.com\/paseo-palma-real\/","name":"Paseo Palma Real","description":"","potentialAction":[{"@type":"SearchAction","target":{"@type":"EntryPoint","urlTemplate":"https:\/\/hogaresisn.xoratom.com\/paseo-palma-real\/?s={search_term_string}"},"query-input":{"@type":"PropertyValueSpecification","valueRequired":true,"valueName":"search_term_string"}}],"inLanguage":"es"}]}},"_links":{"self":[{"href":"https:\/\/hogaresisn.com\/paseo-palma-real\/wp-json\/wp\/v2\/pages\/29","targetHints":{"allow":["GET"]}}],"collection":[{"href":"https:\/\/hogaresisn.com\/paseo-palma-real\/wp-json\/wp\/v2\/pages"}],"about":[{"href":"https:\/\/hogaresisn.com\/paseo-palma-real\/wp-json\/wp\/v2\/types\/page"}],"author":[{"embeddable":true,"href":"https:\/\/hogaresisn.com\/paseo-palma-real\/wp-json\/wp\/v2\/users\/1"}],"replies":[{"embeddable":true,"href":"https:\/\/hogaresisn.com\/paseo-palma-real\/wp-json\/wp\/v2\/comments?post=29"}],"version-history":[{"count":85,"href":"https:\/\/hogaresisn.com\/paseo-palma-real\/wp-json\/wp\/v2\/pages\/29\/revisions"}],"predecessor-version":[{"id":1057,"href":"https:\/\/hogaresisn.com\/paseo-palma-real\/wp-json\/wp\/v2\/pages\/29\/revisions\/1057"}],"wp:attachment":[{"href":"https:\/\/hogaresisn.com\/paseo-palma-real\/wp-json\/wp\/v2\/media?parent=29"}],"curies":[{"name":"wp","href":"https:\/\/api.w.org\/{rel}","templated":true}]}}